{"id":158,"date":"2024-01-10T21:53:57","date_gmt":"2024-01-10T21:53:57","guid":{"rendered":"https:\/\/www.testblog.host25.com\/?page_id=158"},"modified":"2024-04-15T07:47:07","modified_gmt":"2024-04-15T07:47:07","slug":"automehanika","status":"publish","type":"page","link":"https:\/\/autoremont.rs\/index.php\/servis\/automehanika\/","title":{"rendered":"Automehanika"},"content":{"rendered":"<p>[et_pb_section fb_built=&#8221;1&#8243; custom_padding_last_edited=&#8221;on|phone&#8221; admin_label=&#8221;About Us&#8221; _builder_version=&#8221;4.24.0&#8243; background_enable_pattern_style=&#8221;on&#8221; background_pattern_style=&#8221;diagonal-stripes-2&#8243; background_pattern_color=&#8221;rgba(0,0,0,0.008)&#8221; custom_padding=&#8221;70px|0px||0px|false|false&#8221; custom_padding_tablet=&#8221;120px|0px||0px|false|false&#8221; custom_padding_phone=&#8221;60px|0px||0px|false|false&#8221; saved_tabs=&#8221;all&#8221; global_colors_info=&#8221;{}&#8221;][et_pb_row _builder_version=&#8221;4.16&#8243; max_width=&#8221;960px&#8221; module_alignment=&#8221;center&#8221; use_custom_width=&#8221;on&#8221; custom_width_px=&#8221;960px&#8221; locked=&#8221;off&#8221; global_colors_info=&#8221;{}&#8221;][et_pb_column type=&#8221;4_4&#8243; _builder_version=&#8221;4.16&#8243; custom_padding=&#8221;|||&#8221; global_colors_info=&#8221;{}&#8221; custom_padding__hover=&#8221;|||&#8221;][et_pb_text admin_label=&#8221;Title&#8221; _builder_version=&#8221;4.24.0&#8243; text_font=&#8221;Lato||||||||&#8221; text_font_size=&#8221;18px&#8221; text_line_height=&#8221;1.8em&#8221; header_font=&#8221;Montserrat||||||||&#8221; header_2_font=&#8221;Montserrat||||||||&#8221; header_2_text_align=&#8221;center&#8221; header_2_text_color=&#8221;#ae0427&#8243; header_2_font_size=&#8221;46px&#8221; text_orientation=&#8221;center&#8221; max_width=&#8221;750px&#8221; module_alignment=&#8221;center&#8221; custom_margin=&#8221;|30px|||false|false&#8221; custom_padding=&#8221;||||false|false&#8221; header_2_font_size_tablet=&#8221;66px&#8221; header_2_font_size_phone=&#8221;36px&#8221; header_2_font_size_last_edited=&#8221;on|phone&#8221; global_colors_info=&#8221;{}&#8221;]<\/p>\n<h2>Automehanika<\/h2>\n<p style=\"text-align: left;\">[\/et_pb_text][\/et_pb_column][\/et_pb_row][et_pb_row _builder_version=&#8221;4.24.0&#8243; _module_preset=&#8221;default&#8221; custom_margin=&#8221;||||false|false&#8221; custom_padding=&#8221;|10%||10%|false|false&#8221; global_colors_info=&#8221;{}&#8221;][et_pb_column type=&#8221;4_4&#8243; _builder_version=&#8221;4.23.4&#8243; _module_preset=&#8221;default&#8221; global_colors_info=&#8221;{}&#8221;][et_pb_text _builder_version=&#8221;4.24.0&#8243; _module_preset=&#8221;default&#8221; text_font=&#8221;Montserrat||||||||&#8221; text_text_color=&#8221;#484c5a&#8221; header_font=&#8221;Montserrat||||||||&#8221; header_2_font=&#8221;Montserrat||||||||&#8221; header_3_font=&#8221;Montserrat||||||||&#8221; global_colors_info=&#8221;{}&#8221;]<\/p>\n<h3><span>U na\u0161em servisu se mogu servisirati i odr\u017eavati putni\u010dka i komercijalna vozila<br \/><\/span><\/h3>\n<p><span id=\"more-2798\"><\/span><\/p>\n<p>Ovla\u0161\u0107eni smo serviser u garantnom roku za vozila FIAT, FIAT PROFESSIONAL<\/p>\n<p>Servisiranje svih ostali marki i tipova motornih vozila, \u0161to podrazumeva vozila iz kategorije putni\u010dka, komercijalna, teretna i specijalna vozila.<\/p>\n<p>Za sve izvr\u0161ene usluge i ugra\u0111ene delove izdaje se pisana garancija preko servisne knji\u017eice i vodi se kompletna elektronska dokumentacija koja je uvek dostupna vlasniku vozila.<\/p>\n<p>Svim na\u0161im klijentima odobravamo odlo\u017eeno pla\u0107anje preko \u010dekova gra\u0111ana ili putem administrativne zabrane. Vernost klijentu izra\u017eavamo kroz svakodnevne akcije kao i niz drugih pogodnosti i prednosti.<\/p>\n<p>Na svaki zahtev klijenta bez razlike na vrstu kvara ili lokacije vozila, na\u0161 serviser \u0107e iza\u0107i na lice mesta. U\u00a0 slu\u010daju da se kvar ne mo\u017ee otkloniti organizujemo na\u0161u \u0161lep slu\u017ebu koja \u0107e dopremiti vozilo u servis.<\/p>\n<p>Kao savremeni auto servis sa dugogodi\u0161njom tradicijom i iskustvom, modernom opremom i specijalnim alatima, obu\u010denim i sertifikovanim servisnim kadrovima u mogu\u0107nosti smo izvr\u0161iti sve vrste intervencija na Va\u0161em vozilu po sistemu \u201eklju\u010d u ruke\u201c.<\/p>\n<ul>\n<li>redovno servisiranje<\/li>\n<li>generalna popravka motora<\/li>\n<li>popravka ko\u010dionih sistema<\/li>\n<li>popravka ogibljenja na vozilu (trap)<\/li>\n<li>najsavremenija 3D laserska optika trapa<\/li>\n<li>popravka menja\u010da<\/li>\n<li>servis i punjenje klima ure\u0111aja (putni\u010dka; komercijalna; teretna i autobusi)<\/li>\n<li>ultra-zvu\u010dno \u010di\u0161\u0107enje brizgaljki<\/li>\n<li>najsavremenija kompjuterska dijagnostika za sve tipove vozila<\/li>\n<li>vulkanizerske usluge<\/li>\n<li>pranje vozila<\/li>\n<\/ul>\n<p>&nbsp;<\/p>\n<p>&nbsp;<\/p>\n<p>&nbsp;<\/p>\n<p>[\/et_pb_text][\/et_pb_column][\/et_pb_row][\/et_pb_section]<\/p>\n","protected":false},"excerpt":{"rendered":"<p>Automehanika U na\u0161em servisu se mogu servisirati i odr\u017eavati putni\u010dka i komercijalna vozila Ovla\u0161\u0107eni smo serviser u garantnom roku za vozila FIAT, FIAT PROFESSIONAL Servisiranje svih ostali marki i tipova motornih vozila, \u0161to podrazumeva vozila iz kategorije putni\u010dka, komercijalna, teretna i specijalna vozila. Za sve izvr\u0161ene usluge i ugra\u0111ene delove izdaje se pisana garancija preko [&hellip;]<\/p>\n","protected":false},"author":1,"featured_media":0,"parent":144,"menu_order":0,"comment_status":"closed","ping_status":"open","template":"","meta":{"_et_pb_use_builder":"on","_et_pb_old_content":"<!-- wp:divi\/placeholder \/-->","_et_gb_content_width":"","footnotes":""},"class_list":["post-158","page","type-page","status-publish","hentry"],"_links":{"self":[{"href":"https:\/\/autoremont.rs\/index.php\/wp-json\/wp\/v2\/pages\/158","targetHints":{"allow":["GET"]}}],"collection":[{"href":"https:\/\/autoremont.rs\/index.php\/wp-json\/wp\/v2\/pages"}],"about":[{"href":"https:\/\/autoremont.rs\/index.php\/wp-json\/wp\/v2\/types\/page"}],"author":[{"embeddable":true,"href":"https:\/\/autoremont.rs\/index.php\/wp-json\/wp\/v2\/users\/1"}],"replies":[{"embeddable":true,"href":"https:\/\/autoremont.rs\/index.php\/wp-json\/wp\/v2\/comments?post=158"}],"version-history":[{"count":14,"href":"https:\/\/autoremont.rs\/index.php\/wp-json\/wp\/v2\/pages\/158\/revisions"}],"predecessor-version":[{"id":850,"href":"https:\/\/autoremont.rs\/index.php\/wp-json\/wp\/v2\/pages\/158\/revisions\/850"}],"up":[{"embeddable":true,"href":"https:\/\/autoremont.rs\/index.php\/wp-json\/wp\/v2\/pages\/144"}],"wp:attachment":[{"href":"https:\/\/autoremont.rs\/index.php\/wp-json\/wp\/v2\/media?parent=158"}],"curies":[{"name":"wp","href":"https:\/\/api.w.org\/{rel}","templated":true}]}}