{"id":160,"date":"2024-01-10T21:54:34","date_gmt":"2024-01-10T21:54:34","guid":{"rendered":"https:\/\/www.testblog.host25.com\/?page_id=160"},"modified":"2024-05-04T09:43:49","modified_gmt":"2024-05-04T09:43:49","slug":"autoelektrika-autodijanostika","status":"publish","type":"page","link":"https:\/\/autoremont.rs\/index.php\/servis\/autoelektrika-autodijanostika\/","title":{"rendered":"Autoelektrika &#8211; autodijanostika"},"content":{"rendered":"<p>[et_pb_section fb_built=&#8221;1&#8243; custom_padding_last_edited=&#8221;on|phone&#8221; admin_label=&#8221;About Us&#8221; _builder_version=&#8221;4.24.0&#8243; background_enable_pattern_style=&#8221;on&#8221; background_pattern_style=&#8221;diagonal-stripes-2&#8243; background_pattern_color=&#8221;rgba(0,0,0,0.008)&#8221; custom_padding=&#8221;70px|0px||0px|false|false&#8221; custom_padding_tablet=&#8221;120px|0px||0px|false|false&#8221; custom_padding_phone=&#8221;60px|0px||0px|false|false&#8221; saved_tabs=&#8221;all&#8221; global_colors_info=&#8221;{}&#8221;][et_pb_row _builder_version=&#8221;4.23.4&#8243; max_width=&#8221;960px&#8221; module_alignment=&#8221;center&#8221; use_custom_width=&#8221;on&#8221; custom_width_px=&#8221;960px&#8221; locked=&#8221;off&#8221; global_colors_info=&#8221;{}&#8221;][et_pb_column type=&#8221;4_4&#8243; _builder_version=&#8221;4.16&#8243; custom_padding=&#8221;|||&#8221; global_colors_info=&#8221;{}&#8221; custom_padding__hover=&#8221;|||&#8221;][et_pb_text admin_label=&#8221;Title&#8221; _builder_version=&#8221;4.24.0&#8243; text_font=&#8221;Lato||||||||&#8221; text_font_size=&#8221;18px&#8221; text_line_height=&#8221;1.8em&#8221; header_font=&#8221;||||||||&#8221; header_2_font=&#8221;Montserrat||||||||&#8221; header_2_text_color=&#8221;#ae0427&#8243; header_2_font_size=&#8221;46px&#8221; text_orientation=&#8221;center&#8221; max_width=&#8221;751px&#8221; module_alignment=&#8221;center&#8221; custom_margin=&#8221;|76px||||&#8221; header_2_font_size_tablet=&#8221;66px&#8221; header_2_font_size_phone=&#8221;36px&#8221; header_2_font_size_last_edited=&#8221;on|phone&#8221; global_colors_info=&#8221;{}&#8221;]<\/p>\n<h2>Autoelektrika &#8211; autodijagnostika<\/h2>\n<p style=\"text-align: left;\">[\/et_pb_text][\/et_pb_column][\/et_pb_row][et_pb_row _builder_version=&#8221;4.24.0&#8243; _module_preset=&#8221;default&#8221; custom_padding=&#8221;|10%||10%|false|false&#8221; global_colors_info=&#8221;{}&#8221;][et_pb_column type=&#8221;4_4&#8243; _builder_version=&#8221;4.23.4&#8243; _module_preset=&#8221;default&#8221; global_colors_info=&#8221;{}&#8221;][et_pb_text _builder_version=&#8221;4.24.0&#8243; _module_preset=&#8221;default&#8221; text_font=&#8221;Montserrat||||||||&#8221; text_text_color=&#8221;#484c5a&#8221; header_3_font=&#8221;Montserrat||||||||&#8221; global_colors_info=&#8221;{}&#8221;]<\/p>\n<h3><span>Autoremont Piva\u0161evi\u0107 poseduje najsavremenije dijagnosti\u010dke ure\u0111aje<\/span><span id=\"more-2800\"><\/span><span><\/span><\/h3>\n<p><span><\/span><\/p>\n<p>Savremena vozila tra\u017ee vrsne poznavaoce tehnike i tehnologije kao i neizmerno poznavanje savremenih elektronskih sistema. Najsavremenijim dijagnosti\u010dkim ure\u0111ajima vr\u0161imo kompletno ispitivanje elektri\u010dnih sistema na svim tipovima vozila, sa obu\u010denim kadrovima.<\/p>\n<p>Pored specifi\u010dnih pregleda i otklanjanja nedostataka na Va\u0161em vozilu, tako\u0111e servisiramo sve vrste elektri\u010dnih agregata raznih tipova elektropokreta\u010da i alternatora, popravku i zamenu elektroinstalacije, ugradnju radio ure\u0111aja, parking senzora i alarmnih ure\u0111aja.<\/p>\n<p>[\/et_pb_text][\/et_pb_column][\/et_pb_row][et_pb_row _builder_version=&#8221;4.23.4&#8243; _module_preset=&#8221;default&#8221; global_colors_info=&#8221;{}&#8221;][et_pb_column type=&#8221;4_4&#8243; _builder_version=&#8221;4.23.4&#8243; _module_preset=&#8221;default&#8221; global_colors_info=&#8221;{}&#8221;][et_pb_image src=&#8221;https:\/\/www.testblog.host25.com\/wp-content\/uploads\/2024\/04\/diagnosis-400220_960_720.jpg&#8221; title_text=&#8221;diagnosis-400220_960_720&#8243; align=&#8221;center&#8221; _builder_version=&#8221;4.24.0&#8243; _module_preset=&#8221;default&#8221; global_colors_info=&#8221;{}&#8221;][\/et_pb_image][\/et_pb_column][\/et_pb_row][\/et_pb_section]<\/p>\n","protected":false},"excerpt":{"rendered":"<p>Autoelektrika &#8211; autodijagnostika Autoremont Piva\u0161evi\u0107 poseduje najsavremenije dijagnosti\u010dke ure\u0111aje Savremena vozila tra\u017ee vrsne poznavaoce tehnike i tehnologije kao i neizmerno poznavanje savremenih elektronskih sistema. Najsavremenijim dijagnosti\u010dkim ure\u0111ajima vr\u0161imo kompletno ispitivanje elektri\u010dnih sistema na svim tipovima vozila, sa obu\u010denim kadrovima. Pored specifi\u010dnih pregleda i otklanjanja nedostataka na Va\u0161em vozilu, tako\u0111e servisiramo sve vrste elektri\u010dnih agregata raznih [&hellip;]<\/p>\n","protected":false},"author":1,"featured_media":0,"parent":144,"menu_order":1,"comment_status":"closed","ping_status":"open","template":"","meta":{"_et_pb_use_builder":"on","_et_pb_old_content":"<!-- wp:divi\/placeholder \/-->","_et_gb_content_width":"","footnotes":""},"class_list":["post-160","page","type-page","status-publish","hentry"],"_links":{"self":[{"href":"https:\/\/autoremont.rs\/index.php\/wp-json\/wp\/v2\/pages\/160","targetHints":{"allow":["GET"]}}],"collection":[{"href":"https:\/\/autoremont.rs\/index.php\/wp-json\/wp\/v2\/pages"}],"about":[{"href":"https:\/\/autoremont.rs\/index.php\/wp-json\/wp\/v2\/types\/page"}],"author":[{"embeddable":true,"href":"https:\/\/autoremont.rs\/index.php\/wp-json\/wp\/v2\/users\/1"}],"replies":[{"embeddable":true,"href":"https:\/\/autoremont.rs\/index.php\/wp-json\/wp\/v2\/comments?post=160"}],"version-history":[{"count":16,"href":"https:\/\/autoremont.rs\/index.php\/wp-json\/wp\/v2\/pages\/160\/revisions"}],"predecessor-version":[{"id":965,"href":"https:\/\/autoremont.rs\/index.php\/wp-json\/wp\/v2\/pages\/160\/revisions\/965"}],"up":[{"embeddable":true,"href":"https:\/\/autoremont.rs\/index.php\/wp-json\/wp\/v2\/pages\/144"}],"wp:attachment":[{"href":"https:\/\/autoremont.rs\/index.php\/wp-json\/wp\/v2\/media?parent=160"}],"curies":[{"name":"wp","href":"https:\/\/api.w.org\/{rel}","templated":true}]}}