{"id":166,"date":"2024-01-10T21:58:57","date_gmt":"2024-01-10T21:58:57","guid":{"rendered":"https:\/\/www.testblog.host25.com\/?page_id=166"},"modified":"2024-04-15T09:39:23","modified_gmt":"2024-04-15T09:39:23","slug":"ugradnja-tng-uredaja","status":"publish","type":"page","link":"https:\/\/autoremont.rs\/index.php\/servis\/ugradnja-tng-uredaja\/","title":{"rendered":"Ugradnja TNG ure\u0111aja"},"content":{"rendered":"<p>[et_pb_section fb_built=&#8221;1&#8243; custom_padding_last_edited=&#8221;on|phone&#8221; admin_label=&#8221;About Us&#8221; _builder_version=&#8221;4.24.0&#8243; background_enable_pattern_style=&#8221;on&#8221; background_pattern_style=&#8221;diagonal-stripes-2&#8243; background_pattern_color=&#8221;rgba(0,0,0,0.008)&#8221; custom_padding=&#8221;70px|10%||10%|false|false&#8221; custom_padding_tablet=&#8221;120px|0px||0px|false|false&#8221; custom_padding_phone=&#8221;60px|0px||0px|false|false&#8221; hover_enabled=&#8221;0&#8243; saved_tabs=&#8221;all&#8221; global_colors_info=&#8221;{}&#8221; sticky_enabled=&#8221;0&#8243;][et_pb_row _builder_version=&#8221;4.16&#8243; max_width=&#8221;960px&#8221; module_alignment=&#8221;center&#8221; use_custom_width=&#8221;on&#8221; custom_width_px=&#8221;960px&#8221; locked=&#8221;off&#8221; global_colors_info=&#8221;{}&#8221;][et_pb_column type=&#8221;4_4&#8243; _builder_version=&#8221;4.16&#8243; custom_padding=&#8221;|||&#8221; global_colors_info=&#8221;{}&#8221; custom_padding__hover=&#8221;|||&#8221;][et_pb_text admin_label=&#8221;Title&#8221; _builder_version=&#8221;4.24.0&#8243; text_font=&#8221;Montserrat||||||||&#8221; text_line_height=&#8221;1.8em&#8221; header_font=&#8221;||||||||&#8221; header_2_font=&#8221;Montserrat||||||||&#8221; header_2_font_size=&#8221;46px&#8221; text_orientation=&#8221;center&#8221; max_width=&#8221;750px&#8221; module_alignment=&#8221;center&#8221; custom_margin=&#8221;|||&#8221; header_2_font_size_tablet=&#8221;66px&#8221; header_2_font_size_phone=&#8221;36px&#8221; header_2_font_size_last_edited=&#8221;on|phone&#8221; global_colors_info=&#8221;{}&#8221;]<\/p>\n<h2>Ugradnja TNG ure\u0111aja<\/h2>\n<p style=\"text-align: left;\">[\/et_pb_text][\/et_pb_column][\/et_pb_row][et_pb_row _builder_version=&#8221;4.23.4&#8243; _module_preset=&#8221;default&#8221; global_colors_info=&#8221;{}&#8221;][et_pb_column type=&#8221;4_4&#8243; _builder_version=&#8221;4.23.4&#8243; _module_preset=&#8221;default&#8221; global_colors_info=&#8221;{}&#8221;][et_pb_text _builder_version=&#8221;4.24.0&#8243; _module_preset=&#8221;default&#8221; text_font=&#8221;Montserrat||||||||&#8221; text_text_color=&#8221;#484c5a&#8221; global_colors_info=&#8221;{}&#8221;]<\/p>\n<h3><span>Uspe\u0161no obavljamo ugradnju TNG ure\u0111aja<\/span><\/h3>\n<p>&nbsp;<\/p>\n<p>Na\u0161 servis temelji svoju aktivnost na \u017eelji da se doma\u0107em tr\u017ei\u0161tu obezbedi kvalitetna i cenovno prihvatljiva ugradnja ure\u0111aja i opreme za pogon vozila na aletrnativna goriva, kao \u0161to su te\u010dni naftni gas (TNG) i komprimovani prirodni gas (KPG), kao i servisiranje u garantnom i vangarantnom roku. U tom cilju ve\u0107 du\u017ei niz godina deo smo servisne mre\u017ee preduze\u0107a EKOLUKA KEY ekskluzivnog uvoznika auto-gasne opreme renomiranog proizvo\u0111a\u010da grupe LANDI RENZO S.p.a-Italija za tr\u017ei\u0161ta Republike Srbije i Republike Crne Gore. Pored autogasne opreme i ure\u0111aja pomenutog brenda vr\u0161imo sve vrste ispitivanja, kontrole i servisiranja ure\u0111aja i opreme i drugih brendova kao \u0161to su BRC, TARTARINI, LOVATO i AC savremenom dijagnostikom i obu\u010denim kadrovima. Raspola\u017eemo raznovrsnim asortimanom originalnih i homologovanih rezervnih delova.<\/p>\n<p>Nakon izvr\u0161ene prepravke vozila ugradnjom ure\u0111aja za pogon vozila na alternativna goriva u na\u0161em centru vr\u0161i se i ispitivanje vozila u cilju dobijanja Uverenja o ispitivanju vozila nakon izvr\u0161ene prepravke, koje vam je potrebno izme\u0111u ostalog i radi registracije vozila, a sve u saradnji sa Agencijom za bezbednost saobra\u0107aja i Laboratorijom CIAH Ma\u0161inskog fakulteteta u Beogradu.<\/p>\n<p>&nbsp;<\/p>\n<p>[\/et_pb_text][\/et_pb_column][\/et_pb_row][\/et_pb_section]<\/p>\n","protected":false},"excerpt":{"rendered":"<p>Ugradnja TNG ure\u0111aja Uspe\u0161no obavljamo ugradnju TNG ure\u0111aja &nbsp; Na\u0161 servis temelji svoju aktivnost na \u017eelji da se doma\u0107em tr\u017ei\u0161tu obezbedi kvalitetna i cenovno prihvatljiva ugradnja ure\u0111aja i opreme za pogon vozila na aletrnativna goriva, kao \u0161to su te\u010dni naftni gas (TNG) i komprimovani prirodni gas (KPG), kao i servisiranje u garantnom i vangarantnom roku. [&hellip;]<\/p>\n","protected":false},"author":1,"featured_media":0,"parent":144,"menu_order":4,"comment_status":"closed","ping_status":"open","template":"","meta":{"_et_pb_use_builder":"on","_et_pb_old_content":"<!-- wp:divi\/placeholder \/-->","_et_gb_content_width":"","footnotes":""},"class_list":["post-166","page","type-page","status-publish","hentry"],"_links":{"self":[{"href":"https:\/\/autoremont.rs\/index.php\/wp-json\/wp\/v2\/pages\/166","targetHints":{"allow":["GET"]}}],"collection":[{"href":"https:\/\/autoremont.rs\/index.php\/wp-json\/wp\/v2\/pages"}],"about":[{"href":"https:\/\/autoremont.rs\/index.php\/wp-json\/wp\/v2\/types\/page"}],"author":[{"embeddable":true,"href":"https:\/\/autoremont.rs\/index.php\/wp-json\/wp\/v2\/users\/1"}],"replies":[{"embeddable":true,"href":"https:\/\/autoremont.rs\/index.php\/wp-json\/wp\/v2\/comments?post=166"}],"version-history":[{"count":11,"href":"https:\/\/autoremont.rs\/index.php\/wp-json\/wp\/v2\/pages\/166\/revisions"}],"predecessor-version":[{"id":863,"href":"https:\/\/autoremont.rs\/index.php\/wp-json\/wp\/v2\/pages\/166\/revisions\/863"}],"up":[{"embeddable":true,"href":"https:\/\/autoremont.rs\/index.php\/wp-json\/wp\/v2\/pages\/144"}],"wp:attachment":[{"href":"https:\/\/autoremont.rs\/index.php\/wp-json\/wp\/v2\/media?parent=166"}],"curies":[{"name":"wp","href":"https:\/\/api.w.org\/{rel}","templated":true}]}}